is divided by 10?
8
Suppose 2*b + 0*o - 88 = -4*o, 2*b + 5*o = 83. Suppose 6 = -s + 34. Calculate the remainder when b is divided by s.
26
Let c be (-1 + 1)/(-5 - -6). Suppose m + 103 = 5*p, p - 13 = 4*m - c*m. Suppose -3*h + 22 = -h. What is the remainder when p is divided by h?
10
Suppose a = -r + 5*a + 29, -3*a = 15. Let c = r + -2. Calculate the remainder when 10 is divided by c.
3
Let y = -12 - -27. Calculate the remainder when 30 is divided by 2/3*y + 1.
8
Suppose 164 = 5*s + y, -3*s - 2*y + 73 = -24. What is the remainder when s is divided by 3/(3 - 40/15)?
6
Suppose -h + 3*h = 188. Let t = 13 - -11. Calculate the remainder when h is divided by t.
22
Let m = -58 - -120. Suppose 0 = 4*s - 24 - 60. What is the remainder when m is divided by s?
20
Suppose -5*r + 382 = 4*a, -3*r + 3*a - 4*a + 232 = 0. What is the remainder when r is divided by 10?
8
Suppose -4*v - 4 = 4*z - 0*v, 12 = 4*v. Let d = 11 - z. Calculate the remainder when d is divided by 4.
3
Let t be 4*(-2 + (-10)/(-4)). Suppose 3*b - 32 = t*b. Let x = b - 4. Calculate the remainder when x is divided by 15.
13
Let z(f) = f**2 - 8*f + 7. Let j be z(6). What is the remainder when (-1 + 2)*(-85)/j is divided by 9?
8
Let p(v) = -v**3 - 7*v**2 - 8*v - 5. Let l be p(-6). Suppose -l = -3*s + 2*s. Calculate the remainder when s is divided by 3.
1
Let z = 4 - 4. Let h be (z + -3)/((-2)/18). What is the remainder when 1*(h + -5 + 3) is divided by 13?
12
Suppose c - k - 23 + 2 = 0, 2*c + 5*k - 42 = 0. Calculate the remainder when c is divided by 11.
10
Let u(g) = 8*g**2 - 3*g**2 + g**3 - 2*g + 4 - 4*g. Let o be u(-6). What is the remainder when 7 is divided by (6/o)/((-6)/(-16))?
3
Let y(b) = 38*b + 2. Suppose 4 - 2 = j. Let k(n) = -2*n. Let a(x) = j*y(x) + 36*k(x). What is the remainder when 47 is divided by a(3)?
15
Suppose r - 6 = -1. Let x = -18 - -22. Calculate the remainder when r is divided by x.
1
Let a be ((-12)/5)/(6/(-40)). Calculate the remainder when (1 + 19)*20/a is divided by 9.
7
Let q = 5 - 3. Suppose 72 = 18*l - 14*l. What is the remainder when l is divided by ((-14)/q)/(1 + -2)?
4
Let n be ((-1)/1)/(2/6). Let z = -1 - n. Suppose z*f = 8 + 30. Calculate the remainder when 55 is divided by f.
17
Let s = 12 + -6. Suppose 3*p - s = 21. Let x = 24 - p. Calculate the remainder when x is divided by 8.
7
Let r(g) = 2 - 13 - 2*g + 1. What is the remainder when 21 is divided by r(-8)?
3
Let g = -7 - -20. Let b = 4 + 1. Suppose 0 = -0*y + 5*y + 4*a - 17, -b*a = -5*y + 35. What is the remainder when g is divided by y?
3
Let z = 35 + -4. What is the remainder when z is divided by 11?
9
Let l = -42 + 65. Calculate the remainder when l is divided by (16/(-6))/(-1)*3.
7
Suppose -6*o = -o - 25. What is the remainder when 11 is divided by (5 - -1) + o + -8?
2
Suppose -2*c + 88 = -2*s, 0*s - 107 = -3*c - 2*s. Calculate the remainder when c is divided by 11.
6
Suppose i - 104 = -4*m, -5*m = -4*m - 4*i - 9. Suppose 49 + 47 = 2*d + 2*o, 0 = -3*o. What is the remainder when d is divided by m?
23
Suppose -5*x + 5*g - 4 + 139 = 0, -x + 7 = -5*g. What is the remainder when x is divided by 11?
10
Suppose 3*w - 9 = -0*w. Suppose 15 + 0 = w*a. What is the remainder when 9 is divided by a?
4
Let m = -14 - -6. Let z be m/10*(-10)/4. Suppose 0 = -z*p - 25 + 69. Calculate the remainder when p is divided by 12.
10
Let l(v) = -v**2 - 23*v - 13. What is the remainder when l(-19) is divided by 11?
8
Let m = -4 + 2. Let n(l) = -8*l**3 - 2*l**2 + l + 1. Let z be n(m). Suppose -5*j - 5 + z = 0. Calculate the remainder when 29 is divided by j.
9
Suppose 3*d - 10 = 8. Let o(m) = 4*m + 7. What is the remainder when o(d) is divided by 8?
7
Let p = 39 - 20. Calculate the remainder when 124 is divided by p.
10
Suppose 0 = -3*d + 15 - 3. Suppose 3*y = 5*g - y - 79, -57 = -d*g - 3*y. What is the remainder when 29 is divided by g?
14
Let o = -2 + 8. Let s(g) = 2*g**2 + 6*g + 2. Let p = 1 - 5. Calculate the remainder when s(p) is divided by o.
4
Suppose -2*l + 71 = -3*n, 0 = -0*l + 5*l + 5*n - 215. Calculate the remainder when l is divided by 21.
19
Let k be 3 + (-6)/2 + 3. Let o(i) = 2*i**2 + i + 2. Let y be o(-2). Suppose k*c - y = c. What is the remainder when 10 is divided by c?
2
Suppose a + 77 = -4*l, l + 3 = a + 2*a. Let p = -6 - l. Calculate the remainder when 46 is divided by p.
10
Let k(u) = -2*u**2 + 2*u - 1. Let o be k(1). Let f be o/(-2) + (-10)/(-4). Calculate the remainder when 14 is divided by f/5 - (-111)/15.
6
Suppose 55 - 7 = 2*g. Let o = 36 - g. Calculate the remainder when 23 is divided by o.
11
Let r = 10 - 15. Let i(m) be the second derivative of -m**4/12 - 7*m**3/6 - 3*m**2/2 + 6*m. Calculate the remainder when 19 is divided by i(r).
5
Let i(m) = -3*m + 4. Calculate the remainder when i(-13) is divided by 16.
11
Suppose -2*v - 34 = 2*r, 66 = 2*r - 6*r - 3*v. Let h(u) = -u**2 - 15*u + 22. What is the remainder when h(r) is divided by 6?
4
Calculate the remainder when (0 + (-9)/6)/(2/(-20)) is divided by 8.
7
Suppose -4*h = -3*m - 2*m - 57, -3*m - 7 = h. Suppose -2*o = 2*o - h. Let i(b) = 3*b**3 - 2*b**2 - 3*b + 3. What is the remainder when 37 is divided by i(o)?
11
Let h = -6 - -12. Let i(v) = v**3 - 7*v**2 - 7*v + 7. Calculate the remainder when i(8) is divided by h.
3
Let b = 6 + 5. Let w be ((-15)/10)/((-2)/(-4)). What is the remainder when w + 1 + (-92)/(-4) is divided by b?
10
Let l(m) be the second derivative of -m**3/3 + m**2/2 - 2*m. What is the remainder when l(-7) is divided by 8?
7
Let k(r) be the third derivative of 5*r**4/24 - 3*r**2. Calculate the remainder when 79 is divided by k(4).
19
Let f(b) = -120*b - 1. Let n be f(-1). Let c = n - 48. Let l = 108 - c. Calculate the remainder when l is divided by 13.
11
Let p = 45 + -39. What is the remainder when 10 is divided by p?
4
Let o be 0*(-2 - (-10)/4). Let n(z) = z**2 + 3. Let q be n(o). Suppose -q*x = -29 - 46. What is the remainder when x is divided by 9?
7
Let k(m) = 6*m - 17. What is the remainder when k(8) is divided by (-1)/((-2)/(-16))*-1?
7
Let o(l) = 2*l**3 + 42*l**2 - 2*l - 30. Suppose -2*y - 2*s = -y - 46, 5*s = y - 39. Calculate the remainder when y is divided by o(-21).
8
Suppose 0 = -2*w - 6, -3*w = 6*t - 2*t - 87. Suppose 4*p - t = p. Suppose 2*n = 3*n - p. Calculate the remainder when n is divided by 3.
2
Suppose 0 = 5*i + 2*q - 477, -136 - 247 = -4*i - 3*q. Calculate the remainder when i is divided by 32.
31
Let f(d) = -2*d + 8. Let p be 0/((-2 + 6)/(-4)). What is the remainder when -1 - -1*(15 - 0) is divided by f(p)?
6
Let r(q) = -q**2 + 16*q - 29. Calculate the remainder when 17 is divided by r(13).
7
Let d = 72 - 32. Let l = 54 - 33. What is the remainder when d is divided by l?
19
Let c(k) = k**3 + 5*k**2 - 7. Calculate the remainder when 52 is divided by c(-3).
8
Let i(f) be the second derivative of -f**3/6 + 7*f**2 + f. Let r(u) = u**3 - 2*u**2 - u - 2. Calculate the remainder when r(4) is divided by i(5).
8
Let c(h) = -h**3 + 6*h**2 - h + 6. Let i be c(6). Suppose 0 = -3*s, i = 5*n + 2*s - 13 - 82. Calculate the remainder when 75 is divided by n.
18
Let l(h) be the second derivative of h**4/12 + 7*h**3/6 + 3*h**2/2 - h. Let n be l(-7). Suppose n*f + 19 = 58. What is the remainder when 37 is divided by f?
11
Let z(m) = -m**2 + 7*m + 9. Calculate the remainder when 23 is divided by z(7).
5
Suppose -2*c + 66 = p, -5*p + 10*c + 356 = 7*c. Suppose -4*r + n + n = -152, 0 = 4*r - 4*n - 160. What is the remainder when p is divided by r?
34
Suppose 0*c - c + 3 = 0. Let i = 9 + -4. What is the remainder when i is divided by c?
2
Let z(f) = -6*f - 3 - 4*f**3 - 2*f**3 + 7*f**3 - 6*f**2. What is the remainder when 7 is divided by z(7)?
3
Let z(i) = -2*i - 1. Let v = -1 + 5. Let l be z(v). Let n = -1 - l. Calculate the remainder when 14 is divided by n.
6
Let f = -89 + 113. Suppose 2*h - h - 3*b = 17, 0 = -3*h + 3*b + 21. Calculate the remainder when 10 is divided by (h/(-4))/((-2)/f).
4
Let d(f) = -f**3 - 6*f**2 + 2*f - 2. What is the remainder when d(-7) is divided by 9?
6
Suppose 3*o - r + 13 = 51, -o + 6 = r. What is the remainder when 86 is divided by o?
9
Let l(h) = -h**2 + 27*h + 12. Calculate the remainder when l(26) is divided by 25.
13
Let k = -15 - -26. Suppose u + 3*h = -k + 3, -2*u = 2*h. What is the rema